d + 5?
32dc894
In base 8, what is 66724 - -5334?
74260
In base 9, what is 3 - 4007854?
-4007851
In base 8, what is -6315 + -226444?
-234761
In base 10, what is -10846178 + 2?
-10846176
In base 15, what is -179b48 - -1d?
-179b2a
In base 6, what is 2434 + -21443?
-15005
In base 2, what is -10 + -10110100101111100100000010110?
-10110100101111100100000011000
In base 9, what is 17 + 74513502?
74513520
In base 15, what is 5aac511 - 2?
5aac50e
In base 13, what is -2c76 + -a93b?
-108b4
In base 11, what is 4 - 2188a47?
-2188a43
In base 13, what is a + 28ba3a?
28ba47
In base 9, what is -4001 + -37663?
-42664
In base 5, what is 0 + 331030440?
331030440
In base 8, what is -15 - -144233?
144216
In base 2, what is 1010101 - 101111100100001110?
-101111100010111001
In base 4, what is 3 + -120231323102?
-120231323033
In base 16, what is -3 + 2f53b1?
2f53ae
In base 8, what is 5 + 6044012?
6044017
In base 8, what is 317 - 1150423?
-1150104
In base 8, what is 653562 + 164?
653746
In base 3, what is 1 + -1000211000121022?
-1000211000121021
In base 2, what is -110010000110011011001 - -1?
-110010000110011011000
In base 15, what is -4 - 223a691?
-223a695
In base 8, what is -7525200 - 2?
-7525202
In base 14, what is -1 - -10c710?
10c70d
In base 7, what is 3334 - -35532?
42166
In base 12, what is 41b9a + -8b?
41b0b
In base 3, what is -1201 + -10000110100?
-10000112001
In base 8, what is -11 - 164332001?
-164332012
In base 4, what is -2332233321323 + -3?
-2332233321332
In base 9, what is -5 + -2271850?
-2271855
In base 11, what is 181842 + 6?
181848
In base 14, what is -161 + -15c57a?
-15c6db
In base 9, what is -14278866 - 0?
-14278866
In base 15, what is -329981 - -72?
-32990e
In base 6, what is -114311055500 - 4?
-114311055504
In base 6, what is -3104 + 13002?
5454
In base 2, what is -110111101010 - 10101010100110?
-11100010010000
In base 4, what is 133322302 + -113?
133322123
In base 15, what is -16 + 2617ab?
261795
In base 5, what is 423134 + -343?
422241
In base 15, what is -6222a - 3d?
-62268
In base 6, what is -141552022 - -10?
-141552012
In base 12, what is 79 - 29318?
-2925b
In base 8, what is 7 - -1231706?
1231715
In base 2, what is -11011011111000101100101 + -11?
-11011011111000101101000
In base 15, what is -17e562 - 0?
-17e562
In base 3, what is 1010112210 - 1221011120?
-210121210
In base 9, what is -168021 - 474?
-168505
In base 11, what is -7 + -11457a62?
-11457a69
In base 5, what is -4002042342 + -13?
-4002042410
In base 6, what is -303110132 + 253?
-303105435
In base 16, what is -da3 + 2fca?
2227
In base 5, what is 130403314412 + -3?
130403314404
In base 11, what is -1581 - -22aa3?
21522
In base 6, what is -2 - -112135222?
112135220
In base 4, what is 33110113222 - -12?
33110113300
In base 7, what is -1006 - 161652?
-162661
In base 13, what is 2c - -13721a?
137249
In base 14, what is 19d7505b + 2?
19d7505d
In base 7, what is 2504430 - 1535?
2502562
In base 3, what is 21 + 221200102212?
221200110010
In base 6, what is 43 + -100243243?
-100243200
In base 2, what is 1010101110010110010101 + 10010?
1010101110010110100111
In base 8, what is -46402 + -1133?
-47535
In base 5, what is 1012 + -20112301?
-20111234
In base 6, what is -1324 + 11241?
5513
In base 3, what is 1 - 10220000011211000?
-10220000011210222
In base 3, what is 1 - -2201220010020110?
2201220010020111
In base 4, what is -12133332233232 - -1?
-12133332233231
In base 3, what is -1 + -112202210110020?
-112202210110021
In base 6, what is -123505 - -144310?
20401
In base 9, what is 23460 - 1622?
21737
In base 11, what is -5a02 - 408?
-630a
In base 9, what is 75122 + 527?
75650
In base 8, what is 1666333723 + 0?
1666333723
In base 4, what is 3 + -222000300232?
-222000300223
In base 16, what is -5 - 42a0fd9?
-42a0fde
In base 3, what is 112 + 1011122211012111?
1011122211020000
In base 3, what is 1112 + -1021020011022?
-1021020002210
In base 5, what is -1023402102 + 302?
-1023401300
In base 5, what is 132 - -1322101333?
1322102020
In base 7, what is -501033 + -220?
-501253
In base 10, what is 15 + 232290?
232305
In base 10, what is -17746923 - -4?
-17746919
In base 4, what is -302032221 + 2022?
-302030133
In base 13, what is -70b3 + 999?
-6417
In base 11, what is -3240 + 4a94?
1854
In base 6, what is 22 - -1352150?
1352212
In base 14, what is 5b06 + 9972?
11678
In base 14, what is 619 + -db750?
-db135
In base 11, what is -634 - -23018?
22494
In base 14, what is 8947 - 1071?
78b6
In base 2, what is -1111110100101011011010001010 - 100?
-1111110100101011011010001110
In base 8, what is -3 - -234710017?
234710014
In base 10, what is -185 - -472027?
471842
In base 16, what is -9d8b + 76?
-9d15
In base 8, what is 11204752 - 2?
11204750
In base 9, what is -68 + -1278724?
-1278803
In base 10, what is -2 - -23989878?
23989876
In base 14, what is 4540 - 1d73?
25ab
In base 11, what is -15857 + 3383?
-12484
In base 3, what is -122 + 2102021211001?
2102021210102
In base 11, what is -1215 - 3863a0?
-387605
In base 8, what is -1733 - -131674?
127741
In base 13, what is 0 + 1406a3c5?
1406a3c5
In base 4, what is -11 - 32032102121?
-32032102132
In base 13, what is 1c342c6 - -13?
1c34309
In base 2, what is -11 + -1110011011000001101010011010?
-1110011011000001101010011101
In base 6, what is 34234 + -1252043?
-1213405
In base 14, what is 9a + bb92?
bc4c
In base 5, what is 333031411 - 312?
333031044
In base 9, what is -71447022 + 3?
-71447018
In base 14, what is -41b + 43a9d?
43682
In base 7, what is 133 + -33640262?
-33640126
In base 7, what is -11016501 + -1?
-11016502
In base 10, what is -62 + 293549?
293487
In base 14, what is -228 + ad972?
ad748
In base 16, what is 8be - 6dae?
-64f0
In base 10, what is 426251 + -2?
426249
In base 14, what is 4002 - -b9c?
4ba0
In base 2, what is -111 + -100101101100111000001011011?
-100101101100111000001100010
In base 2, what is 101110011111001011100001111 + 10?
101110011111001011100010001
In base 3, what is -111110210022 - 112?
-111110210211
In base 5, what is 234012211 + 2?
234012213
In base 16, what is -20a + 1099d?
10793
In base 16, what is -42e5672 - -1?
-42e5671
In base 6, what is 35 - -311015510?
311015545
In base 4, what is -21111 + 2303300?
2222123
In base 6, what is 2 + -321324240?
-321324234
In base 16, what is -2a26 - -c3?
-2963
In base 10, what is 991 - -5294?
6285
In base 10, what is -22320766 - -2?
-22320764
In base 2, what is -10111100 + 101000101001101011110?
101000101001010100010
In base 15, what is -1ba79 - -e18?
-1ab61
In base 11, what is -17 + -993232?
-993249
In base 12, what is 99370286 + -5?
99370281
In base 14, what is 772 - 26326?
-25994
In base 12, what is 11 + 656b93?
656ba4
In base 13, what is -46 + -2443b?
-24484
In base 13, what is 811a8a6 - -1?
811a8a7
In base 16, what is 5a4 + -a3d?
-499
In base 9, what is -2606846 - 5?
-2606852
In base 14, what is 606 - -480?
a86
In base 16, what is 5 - -1fc74d6?
1fc74db
In base 10, what is 30955846 + 4?
30955850
In base 3, what is 10212 + 10222120001?
10222200220
In base 2, what is -100001111000100 + 1000000000?
-100000111000100
In base 13, what is 1848a + 59?
18516
In base 10, what is 15227109 - 4?
15227105
In base 10, what is -1404386 + -832?
-1405218
In base 16, what is -4d480 - -128?
-4d358
In base 3, what is -122100020010210 + 121?
-122100020010012
In base 9, what is -712830283 - 5?
-712830288
In base 6, what is -122253444 - -42?
-122253402
In base 6, what is -125022 - 11005?
-140031
In base 11, what is -141 - 6549a0?
-655031
In base 15, what is 466 + 5924e?
596b5
In base 10, what is -2005288 - -3?
-2005285
In base 10, what is 11758 - -35688?
47446
In base 5, what is 1 + -203403431103?
-203403431102
In base 2, what is 111101110101010101 - -101011?
111101110110000000
In base 3, what is 1012121220121212101 - -11?
1012121220121212112
In base 3, what is -1022002021 - 20?
-1022002111
In base 12, what is -260b8 + -a4b6?
-345b2
In base 7, what is 6 - 324345423?
-324345414
In base 5, what is 11304444 + -242304?
11012140
In base 12, what is 4 + -a913bb5?
-a913bb1
In base 13, what is -a7304 - -98?
-a7239
In base 3, what is -211201100221012 + -11?
-211201100221100
In base 14, what is -6d62 - c11a?
-1507c
In base 10, what is 7641366 + -5?
7641361
In base 7, what is 361615205 + 2?
361615210
In base 12, what is 5 + 24875359?